{"version":"1.0","provider_name":"Velfor","provider_url":"https:\/\/www.velfor.com\/de\/","author_name":"admin","author_url":"https:\/\/www.velfor.com\/de\/author\/yoannekypia-fr\/","title":"Velfor nimmt an Medi'nov 2020 teil","type":"rich","width":600,"height":338,"html":"<blockquote class=\"wp-embedded-content\" data-secret=\"cpdHLohJd8\"><a href=\"https:\/\/www.velfor.com\/de\/velfor-nimmt-an-medinov-2020-teil\/\">Velfor nimmt an Medi&#8217;nov 2020 teil<\/a><\/blockquote><iframe sandbox=\"allow-scripts\" security=\"restricted\" src=\"https:\/\/www.velfor.com\/de\/velfor-nimmt-an-medinov-2020-teil\/embed\/#?secret=cpdHLohJd8\" width=\"600\" height=\"338\" title=\"&#8222;Velfor nimmt an Medi&#8217;nov 2020 teil&#8220; &#8212; Velfor\" data-secret=\"cpdHLohJd8\" frameborder=\"0\" marginwidth=\"0\" marginheight=\"0\" scrolling=\"no\" class=\"wp-embedded-content\"><\/iframe><script>\n\/*! This file is auto-generated *\/\n!function(d,l){\"use strict\";l.querySelector&&d.addEventListener&&\"undefined\"!=typeof URL&&(d.wp=d.wp||{},d.wp.receiveEmbedMessage||(d.wp.receiveEmbedMessage=function(e){var t=e.data;if((t||t.secret||t.message||t.value)&&!\/[^a-zA-Z0-9]\/.test(t.secret)){for(var s,r,n,a=l.querySelectorAll('iframe[data-secret=\"'+t.secret+'\"]'),o=l.querySelectorAll('blockquote[data-secret=\"'+t.secret+'\"]'),c=new RegExp(\"^https?:$\",\"i\"),i=0;i<o.length;i++)o[i].style.display=\"none\";for(i=0;i<a.length;i++)s=a[i],e.source===s.contentWindow&&(s.removeAttribute(\"style\"),\"height\"===t.message?(1e3<(r=parseInt(t.value,10))?r=1e3:~~r<200&&(r=200),s.height=r):\"link\"===t.message&&(r=new URL(s.getAttribute(\"src\")),n=new URL(t.value),c.test(n.protocol))&&n.host===r.host&&l.activeElement===s&&(d.top.location.href=t.value))}},d.addEventListener(\"message\",d.wp.receiveEmbedMessage,!1),l.addEventListener(\"DOMContentLoaded\",function(){for(var e,t,s=l.querySelectorAll(\"iframe.wp-embedded-content\"),r=0;r<s.length;r++)(t=(e=s[r]).getAttribute(\"data-secret\"))||(t=Math.random().toString(36).substring(2,12),e.src+=\"#?secret=\"+t,e.setAttribute(\"data-secret\",t)),e.contentWindow.postMessage({message:\"ready\",secret:t},\"*\")},!1)))}(window,document);\n<\/script>\n","thumbnail_url":"https:\/\/www.velfor.com\/wp-content\/uploads\/2020\/08\/Photo-du-salon.jpg","thumbnail_width":1047,"thumbnail_height":1041,"description":"Die Velfor-Gruppe nimmt an der Messe Medi&#8217;nov Connection vom 09. bis 10. September in Lyon teil. Wir sind an Stand Nr. 26 vertreten. Wir werden Ihnen unsere verschiedenen T\u00e4tigkeitsbereiche und Dienstleistungen f\u00fcr den Gesundheitsmarkt vorstellen. Wir bieten Ihnen Reinraumproduktion, Verpackung von medizinischen Ger\u00e4ten, Thermoformen, Hochfrequenzschwei\u00dfen und stehen Ihnen f\u00fcr Gespr\u00e4che \u00fcber Ihre Bed\u00fcrfnisse zur Verf\u00fcgung. [&hellip;]"}

Die Velfor-Gruppe nimmt an der Messe Medi&#8217;nov Connection vom 09. bis 10. September in Lyon teil. Wir sind an Stand Nr. 26 vertreten. Wir werden Ihnen unsere verschiedenen Tätigkeitsbereiche und Dienstleistungen für den Gesundheitsmarkt vorstellen. Wir bieten Ihnen Reinraumproduktion, Verpackung von medizinischen Geräten, Thermoformen, Hochfrequenzschweißen und stehen Ihnen für Gespräche über Ihre Bedürfnisse zur Verfügung. [&hellip;]
